{"id":198,"date":"2024-08-12T08:27:32","date_gmt":"2024-08-12T08:27:32","guid":{"rendered":"https:\/\/komornik-sobczak.zgo.pl\/?page_id=198"},"modified":"2024-08-12T08:32:12","modified_gmt":"2024-08-12T08:32:12","slug":"rodo","status":"publish","type":"page","link":"https:\/\/komornik-inowroclaw.com.pl\/index.php\/rodo\/","title":{"rendered":"RODO"},"content":{"rendered":"\t\t<div data-elementor-type=\"wp-page\" data-elementor-id=\"198\" class=\"elementor elementor-198\">\n\t\t\t\t<div class=\"elementor-element elementor-element-bbb3d1a e-flex e-con-boxed e-con e-parent\" data-id=\"bbb3d1a\" data-element_type=\"container\" data-e-type=\"container\">\n\t\t\t\t\t<div class=\"e-con-inner\">\n\t\t\t\t<div class=\"elementor-element elementor-element-b7828c0 elementor-widget elementor-widget-text-editor\" data-id=\"b7828c0\" data-element_type=\"widget\" data-e-type=\"widget\" data-widget_type=\"text-editor.default\">\n\t\t\t\t<div class=\"elementor-widget-container\">\n\t\t\t\t\t\t\t\t\t<p><strong>Pe\u0142na klauzula informacyjna w sprawach dotycz\u0105cych wykonywania czynno\u015bci w post\u0119powaniu egzekucyjnym i zabezpieczaj\u0105cym<\/strong><\/p><div>\u00a0<\/div><p>Na podstawie art. 13 ust. 1 i 2 rozporz\u0105dzenia Parlamentu Europejskiego i Rady (UE) 2016\/679 z 27 kwietnia 2016r. w<br \/>sprawie ochrony os\u00f3b fizycznych w zwi\u0105zku z przetwarzaniem danych osobowych i w sprawie swobodnego przep\u0142ywu<br \/>takich danych oraz uchylenia dyrektywy 95\/46\/WE (og\u00f3lne rozporz\u0105dzenie o ochronie danych osobowych) dalej \u2013 RODO, Komornik S\u0105dowy przy S\u0105dzie Rejonowym w Inowroc\u0142awiu B\u0142a\u017cej Sobczak Kancelaria Komornicza nr VIII w Inowroc\u0142awiu informuje:<\/p><p><strong>I To\u017csamo\u015b\u0107 oraz dane kontaktowe Administratora Danych Osobowych (art. 13<\/strong><br \/><strong>pkt 1 lit. a)<\/strong><\/p><p>Administratorem danych osobowych jest Komornik S\u0105dowy przy S\u0105dzie Rejonowym w Inowroc\u0142awiu B\u0142a\u017cej Sobczak<br \/>Kancelaria Komornicza nr VIII w Inowroc\u0142awiu z siedzib\u0105 przy ul. Toru\u0144skiej 73, 88-100 Inowroc\u0142aw, telefon 52-506-51-00.<\/p><p><strong>II Dane kontaktowe Inspektora Ochrony Danych (art. 13 pkt 1 lit. b)<\/strong><\/p><p>Administrator wyznaczy\u0142 Inspektora Ochrony Danych, kt\u00f3rym jest Pani\/Pan Roman Kwieci\u0144ski . Z Inspektorem Ochrony Danych mo\u017cna si\u0119 skontaktowa\u0107 w sprawach zwi\u0105zanych z przetwarzaniem danych osobowych pisemnie na adres siedziby kancelarii komorniczej lub\/oraz poprzez adres e-mail: iod.inowroclaw.005@komornik.pl.<\/p><p><strong>III Cel i podstawa prawna przetwarzania danych osobowych (art. 13 pkt 1 lit. c)<\/strong><\/p><p>Pani\/Pana dane osobowe przetwarzane s\u0105 w celu prowadzenia post\u0119powania egzekucyjnego, zabezpieczaj\u0105cego oraz<br \/>innych czynno\u015bci, kt\u00f3rych wykonanie jest obowi\u0105zkiem prawnie ci\u0105\u017c\u0105cym na administratorze (art. 6 ust. 1 lit. c RODO)<br \/>wynikaj\u0105cym z art. 3 ustawy z dnia 22 marca 2018 r. o komornikach s\u0105dowych (Dz. U. z 2018 r. poz. 771).<\/p><p><strong>IV Odbiorcy danych lub kategorie odbiorc\u00f3w danych (art. 13 pkt. 1 lit. e)<\/strong><\/p><p>Zgodnie z w\u0142a\u015bciwymi przepisami prawa i w celu wykonania obowi\u0105zk\u00f3w przez nie na\u0142o\u017conych komornik przekazuje<br \/>Pani\/Pana dane osobowe w toku post\u0119powania egzekucyjnego stronom oraz uczestnikom post\u0119powania, urz\u0119dom<br \/>lub\/oraz instytucj\u0105, a tak\u017ce innym podmiotom, je\u017celi jest to wymagane przepisami prawa.<\/p><p><strong>V Przekazanie danych osobowych poza EOG (art. 13 pkt. 1 lit. f)<\/strong><\/p><p>Dane osobowe nie s\u0105 przesy\u0142ane poza obszar Europejski Obszar Gospodarczy.<\/p><p><strong>VI Okres, przez kt\u00f3ry b\u0119d\u0105 przetwarzane dane osobowe (art. 13 pkt 2 lit. a)<\/strong><\/p><p>Dane s\u0105 przechowywane przez okres wynikaj\u0105cy z przepis\u00f3w rozporz\u0105dzenia ministra sprawiedliwo\u015bci z dnia 14 grudnia 2018 r. w sprawie przechowywania i niszczenia akt spraw komorniczych oraz zamkni\u0119tych urz\u0105dze\u0144 ewidencyjnych.<\/p><p><strong>VII Prawa podmiotu (art. 13 pkt 2 lit. b)<\/strong><\/p><p>Osobom, kt\u00f3rych dane osobowe s\u0105 przetwarzane w sprawach dotycz\u0105cych wykonywania czynno\u015bci w post\u0119powaniu<br \/>egzekucyjnym i zabezpieczaj\u0105cych oraz innych ustawowych zada\u0144 komornika nie przys\u0142uguje prawo do usuni\u0119cia danych, sprzeciwu i przeniesienia danych. Prawo dost\u0119pu do danych osobowych realizowane jest na podstawie zasad<br \/>okre\u015blonych w art. 9 ustawy z dnia 17 listopada 1964 r. \u2013 Kodeks post\u0119powania cywilnego, zwanej dalej \u201ek.p.c.\u201d. Sprostowanie danych osobowych oraz prawo do ograniczenia przetwarzania realizowane jest wy\u0142\u0105cznie na podstawie i w zakresie okre\u015blonym w k.p.c.<\/p><p>W przypadku pozyskiwania danych osobowych nie od osoby, kt\u00f3rej dane dotycz\u0105, Komornikowi S\u0105dowemu przys\u0142uguje wy\u0142\u0105czenie od zobowi\u0105zania przekazania informacji wynikaj\u0105cych z art. 14 RODO osobie, kt\u00f3rej dane pozyska\u0142 w inny spos\u00f3b ni\u017c od tej osoby.<\/p><p><strong>VIII Skarga w zwi\u0105zku z przetwarzaniem danych osobowych (art. 13 pkt 2 lit. d)<\/strong><\/p><p>Je\u017celi przetwarzanie danych osobowych w trakcie prowadzenia post\u0119powania egzekucyjnego przez komornika s\u0105dowego narusza przepisy prawa, przys\u0142uguje Panu\/Pani prawo do zwr\u00f3cenia si\u0119 ze skarg\u0105 do Prezesa UODO z wy\u0142\u0105czeniem spraw w zakresie kt\u00f3rych na czynno\u015bci podejmowane przez komornika s\u0105dowego przys\u0142uguje skarga w rygorze art. 767 k.p.c. \u2013 w tym przypadku adresatem skargi powinien by\u0107 s\u0105d rejonowy w\u0142a\u015bciwy ze wzgl\u0119du na siedzib\u0119 kancelarii komornika.<\/p><p><strong>IX Informacja o obowi\u0105zku podania danych (art. 13 pkt 2 lit. e)<\/strong><\/p><p>Podanie danych osobowych jest obowi\u0105zkowe. Wynika to ze wskazanych powy\u017cej podstaw prawnych oraz jest niezb\u0119dne do realizacji ustawowych zada\u0144 Komornika S\u0105dowego.<\/p><p><strong>X Przetwarzanie danych osobowych w spos\u00f3b zautomatyzowany (art. 13 pkt 2<\/strong><br \/><strong>lit. f)<\/strong><\/p><p>Dane osobowe stron oraz uczestnik\u00f3w post\u0119powania egzekucyjnego nie s\u0105 przetwarzane w spos\u00f3b zautomatyzowany.<\/p>\t\t\t\t\t\t\t\t<\/div>\n\t\t\t\t<\/div>\n\t\t\t\t\t<\/div>\n\t\t\t\t<\/div>\n\t\t\t\t<\/div>\n\t\t","protected":false},"excerpt":{"rendered":"<p>Pe\u0142na klauzula informacyjna w sprawach dotycz\u0105cych wykonywania czynno\u015bci w post\u0119powaniu egzekucyjnym i zabezpieczaj\u0105cym \u00a0 Na podstawie art. 13 ust. 1 i 2 rozporz\u0105dzenia Parlamentu Europejskiego i Rady (UE) 2016\/679 z 27 kwietnia 2016r. wsprawie ochrony os\u00f3b fizycznych w zwi\u0105zku z przetwarzaniem danych osobowych i w sprawie swobodnego przep\u0142ywutakich danych oraz uchylenia dyrektywy 95\/46\/WE (og\u00f3lne rozporz\u0105dzenie o ochronie danych osobowych) dalej \u2013 RODO, Komornik S\u0105dowy przy S\u0105dzie Rejonowym w Inowroc\u0142awiu B\u0142a\u017cej Sobczak Kancelaria Komornicza nr VIII w Inowroc\u0142awiu informuje: I To\u017csamo\u015b\u0107 oraz dane kontaktowe Administratora Danych Osobowych (art. 13pkt 1 lit. a) Administratorem danych osobowych jest Komornik S\u0105dowy przy S\u0105dzie Rejonowym w Inowroc\u0142awiu B\u0142a\u017cej SobczakKancelaria Komornicza nr VIII w Inowroc\u0142awiu z siedzib\u0105 przy ul. Toru\u0144skiej 73, 88-100 Inowroc\u0142aw, telefon 52-506-51-00. II Dane kontaktowe Inspektora Ochrony Danych (art. 13 pkt 1 lit. b) Administrator wyznaczy\u0142 Inspektora Ochrony Danych, kt\u00f3rym jest Pani\/Pan Roman Kwieci\u0144ski . Z Inspektorem Ochrony Danych mo\u017cna si\u0119 skontaktowa\u0107 w sprawach zwi\u0105zanych z przetwarzaniem danych osobowych pisemnie na adres siedziby kancelarii komorniczej lub\/oraz poprzez adres e-mail: iod.inowroclaw.005@komornik.pl. III Cel i podstawa prawna przetwarzania danych osobowych (art. 13 pkt 1 lit. c) Pani\/Pana dane osobowe przetwarzane s\u0105 w celu prowadzenia post\u0119powania egzekucyjnego, zabezpieczaj\u0105cego orazinnych czynno\u015bci, kt\u00f3rych wykonanie jest obowi\u0105zkiem prawnie ci\u0105\u017c\u0105cym na administratorze (art. 6 ust. 1 lit. c RODO)wynikaj\u0105cym z art. 3 ustawy z dnia 22 marca 2018 r. o komornikach s\u0105dowych (Dz. U. z 2018 r. poz. 771). IV Odbiorcy danych lub kategorie odbiorc\u00f3w danych (art. 13 pkt. 1 lit. e) Zgodnie z w\u0142a\u015bciwymi przepisami prawa i w celu wykonania obowi\u0105zk\u00f3w przez nie na\u0142o\u017conych komornik przekazujePani\/Pana dane osobowe w toku post\u0119powania egzekucyjnego stronom oraz uczestnikom post\u0119powania, urz\u0119domlub\/oraz instytucj\u0105, a tak\u017ce innym podmiotom, je\u017celi jest to wymagane przepisami prawa. V Przekazanie danych osobowych poza EOG (art. 13 pkt. 1 lit. f) Dane osobowe nie s\u0105 przesy\u0142ane poza obszar Europejski Obszar Gospodarczy. VI Okres, przez kt\u00f3ry b\u0119d\u0105 przetwarzane dane osobowe (art. 13 pkt 2 lit. a) Dane s\u0105 przechowywane przez okres wynikaj\u0105cy z przepis\u00f3w rozporz\u0105dzenia ministra sprawiedliwo\u015bci z dnia 14 grudnia 2018 r. w sprawie przechowywania i niszczenia akt spraw komorniczych oraz zamkni\u0119tych urz\u0105dze\u0144 ewidencyjnych. VII Prawa podmiotu (art. 13 pkt 2 lit. b) Osobom, kt\u00f3rych dane osobowe s\u0105 przetwarzane w sprawach dotycz\u0105cych wykonywania czynno\u015bci w post\u0119powaniuegzekucyjnym i zabezpieczaj\u0105cych oraz innych ustawowych zada\u0144 komornika nie przys\u0142uguje prawo do usuni\u0119cia danych, sprzeciwu i przeniesienia danych. Prawo dost\u0119pu do danych osobowych realizowane jest na podstawie zasadokre\u015blonych w art. 9 ustawy z dnia 17 listopada 1964 r. \u2013 Kodeks post\u0119powania cywilnego, zwanej dalej \u201ek.p.c.\u201d. Sprostowanie danych osobowych oraz prawo do ograniczenia przetwarzania realizowane jest wy\u0142\u0105cznie na podstawie i w zakresie okre\u015blonym w k.p.c. W przypadku pozyskiwania danych osobowych nie od osoby, kt\u00f3rej dane dotycz\u0105, Komornikowi S\u0105dowemu przys\u0142uguje wy\u0142\u0105czenie od zobowi\u0105zania przekazania informacji wynikaj\u0105cych z art. 14 RODO osobie, kt\u00f3rej dane pozyska\u0142 w inny spos\u00f3b ni\u017c od tej osoby. VIII Skarga w zwi\u0105zku z przetwarzaniem danych osobowych (art. 13 pkt 2 lit. d) Je\u017celi przetwarzanie danych osobowych w trakcie prowadzenia post\u0119powania egzekucyjnego przez komornika s\u0105dowego narusza przepisy prawa, przys\u0142uguje Panu\/Pani prawo do zwr\u00f3cenia si\u0119 ze skarg\u0105 do Prezesa UODO z wy\u0142\u0105czeniem spraw w zakresie kt\u00f3rych na czynno\u015bci podejmowane przez komornika s\u0105dowego przys\u0142uguje skarga w rygorze art. 767 k.p.c. \u2013 w tym przypadku adresatem skargi powinien by\u0107 s\u0105d rejonowy w\u0142a\u015bciwy ze wzgl\u0119du na siedzib\u0119 kancelarii komornika. IX Informacja o obowi\u0105zku podania danych (art. 13 pkt 2 lit. e) Podanie danych osobowych jest obowi\u0105zkowe. Wynika to ze wskazanych powy\u017cej podstaw prawnych oraz jest niezb\u0119dne do realizacji ustawowych zada\u0144 Komornika S\u0105dowego. X Przetwarzanie danych osobowych w spos\u00f3b zautomatyzowany (art. 13 pkt 2lit. f) Dane osobowe stron oraz uczestnik\u00f3w post\u0119powania egzekucyjnego nie s\u0105 przetwarzane w spos\u00f3b zautomatyzowany.<\/p>\n","protected":false},"author":1,"featured_media":0,"parent":0,"menu_order":0,"comment_status":"closed","ping_status":"closed","template":"elementor_header_footer","meta":{"footnotes":""},"class_list":["post-198","page","type-page","status-publish","hentry"],"aioseo_notices":[],"_links":{"self":[{"href":"https:\/\/komornik-inowroclaw.com.pl\/index.php\/wp-json\/wp\/v2\/pages\/198","targetHints":{"allow":["GET"]}}],"collection":[{"href":"https:\/\/komornik-inowroclaw.com.pl\/index.php\/wp-json\/wp\/v2\/pages"}],"about":[{"href":"https:\/\/komornik-inowroclaw.com.pl\/index.php\/wp-json\/wp\/v2\/types\/page"}],"author":[{"embeddable":true,"href":"https:\/\/komornik-inowroclaw.com.pl\/index.php\/wp-json\/wp\/v2\/users\/1"}],"replies":[{"embeddable":true,"href":"https:\/\/komornik-inowroclaw.com.pl\/index.php\/wp-json\/wp\/v2\/comments?post=198"}],"version-history":[{"count":4,"href":"https:\/\/komornik-inowroclaw.com.pl\/index.php\/wp-json\/wp\/v2\/pages\/198\/revisions"}],"predecessor-version":[{"id":203,"href":"https:\/\/komornik-inowroclaw.com.pl\/index.php\/wp-json\/wp\/v2\/pages\/198\/revisions\/203"}],"wp:attachment":[{"href":"https:\/\/komornik-inowroclaw.com.pl\/index.php\/wp-json\/wp\/v2\/media?parent=198"}],"curies":[{"name":"wp","href":"https:\/\/api.w.org\/{rel}","templated":true}]}}