{"id":115,"date":"2024-01-02T11:36:33","date_gmt":"2024-01-02T11:36:33","guid":{"rendered":"https:\/\/komornik-sobczak.zgo.pl\/?page_id=115"},"modified":"2024-08-13T08:16:03","modified_gmt":"2024-08-13T08:16:03","slug":"o-kancelarii","status":"publish","type":"page","link":"https:\/\/komornik-inowroclaw.com.pl\/index.php\/o-kancelarii\/","title":{"rendered":"O kancelarii"},"content":{"rendered":"\t\t<div data-elementor-type=\"wp-page\" data-elementor-id=\"115\" class=\"elementor elementor-115\">\n\t\t\t\t<div class=\"elementor-element elementor-element-1d265e4 e-flex e-con-boxed e-con e-parent\" data-id=\"1d265e4\" data-element_type=\"container\" data-e-type=\"container\">\n\t\t\t\t\t<div class=\"e-con-inner\">\n\t\t\t\t<div class=\"elementor-element elementor-element-642288b elementor-widget elementor-widget-text-editor\" data-id=\"642288b\" data-element_type=\"widget\" data-e-type=\"widget\" data-widget_type=\"text-editor.default\">\n\t\t\t\t<div class=\"elementor-widget-container\">\n\t\t\t\t\t\t\t\t\t<p>Kancelaria zosta\u0142a utworzona przez komornika B\u0142a\u017ceja Sobczaka, celem realizowania ustawowych zada\u0144, do kt\u00f3rych w szczeg\u00f3lno\u015bci nale\u017cy wykonywanie:<\/p><ul style=\"list-style: square; padding-left: 30px;\"><li>egzekucji \u015bwiadcze\u0144 pieni\u0119\u017cnych<\/li><li>zabezpiecze\u0144<\/li><li>eksmisji<\/li><li>wydania nieruchomo\u015bci<\/li><li>wydania ruchomo\u015bci<\/li><li>spis\u00f3w inwentarza<\/li><\/ul><p>Komornik jest uprawniony do pozyskiwania informacji min. od organ\u00f3w administracji publicznej, urz\u0119d\u00f3w skarbowych, rentowych, bank\u00f3w, organ\u00f3w sp\u00f3\u0142dzielni mieszkaniowych, niezb\u0119dnych do prawid\u0142owego prowadzenia post\u0119powania egzekucyjnego, wykonania postanowienia o udzieleniu zabezpieczenia oraz wykonania innych czynno\u015bci wchodz\u0105cych w zakres jego ustawowych zada\u0144, w szczeg\u00f3lno\u015bci dotycz\u0105cych stanu maj\u0105tkowego d\u0142u\u017cnika.<\/p><p>Kancelaria Komornicza wykorzystuje do pracy szereg rozwi\u0105za\u0144 technicznych, kt\u00f3re pozwalaj\u0105 w znaczny spos\u00f3b skr\u00f3ci\u0107 czas potrzebny do skutecznego ustalenia maj\u0105tku d\u0142u\u017cnika.<\/p><p>\u00a0<\/p>\t\t\t\t\t\t\t\t<\/div>\n\t\t\t\t<\/div>\n\t\t\t\t\t<\/div>\n\t\t\t\t<\/div>\n\t\t<div class=\"elementor-element elementor-element-160ce5f e-flex e-con-boxed e-con e-parent\" data-id=\"160ce5f\" data-element_type=\"container\" data-e-type=\"container\">\n\t\t\t\t\t<div class=\"e-con-inner\">\n\t\t<div class=\"elementor-element elementor-element-8ac8a52 e-con-full e-flex e-con e-child\" data-id=\"8ac8a52\" data-element_type=\"container\" data-e-type=\"container\">\n\t\t\t\t<div class=\"elementor-element elementor-element-c882f44 elementor-position-left elementor-vertical-align-middle elementor-widget elementor-widget-image-box\" data-id=\"c882f44\" data-element_type=\"widget\" data-e-type=\"widget\" data-widget_type=\"image-box.default\">\n\t\t\t\t<div class=\"elementor-widget-container\">\n\t\t\t\t\t<div class=\"elementor-image-box-wrapper\"><figure class=\"elementor-image-box-img\"><img decoding=\"async\" width=\"200\" height=\"80\" src=\"https:\/\/komornik-inowroclaw.com.pl\/wp-content\/uploads\/2024\/01\/komornik_epuap-2.png\" class=\"attachment-full size-full wp-image-127\" alt=\"\" \/><\/figure><div class=\"elementor-image-box-content\"><p class=\"elementor-image-box-description\"><b>ePUAP<\/b> - Elektroniczna Platforma Us\u0142ug Administracji Publicznej \u2013 Za pomoc\u0105 tego systemu komornik mo\u017ce przyspieszy\u0107 korespondencj\u0119 z urz\u0119dami gdy\u017c odbywa si\u0119 ona elektronicznie.<\/p><\/div><\/div>\t\t\t\t<\/div>\n\t\t\t\t<\/div>\n\t\t\t\t<\/div>\n\t\t<div class=\"elementor-element elementor-element-217390d e-con-full e-flex e-con e-child\" data-id=\"217390d\" data-element_type=\"container\" data-e-type=\"container\">\n\t\t\t\t<div class=\"elementor-element elementor-element-ce07234 elementor-position-left elementor-vertical-align-middle elementor-widget elementor-widget-image-box\" data-id=\"ce07234\" data-element_type=\"widget\" data-e-type=\"widget\" data-widget_type=\"image-box.default\">\n\t\t\t\t<div class=\"elementor-widget-container\">\n\t\t\t\t\t<div class=\"elementor-image-box-wrapper\"><figure class=\"elementor-image-box-img\"><img decoding=\"async\" width=\"200\" height=\"80\" src=\"https:\/\/komornik-inowroclaw.com.pl\/wp-content\/uploads\/2024\/01\/komornik_puezus-2.png\" class=\"attachment-full size-full wp-image-131\" alt=\"\" \/><\/figure><div class=\"elementor-image-box-content\"><p class=\"elementor-image-box-description\"><b>PUE ZUS<\/b> - zapytania do Zak\u0142adu Ubezpiecze\u0144 Spo\u0142ecznych w formie elektronicznej, za jego pomoc\u0105 komornik ustala miejsce zatrudnienia d\u0142u\u017cnika lub prowadzon\u0105 dzia\u0142alno\u015b\u0107 gospodarcz\u0105.<\/p><\/div><\/div>\t\t\t\t<\/div>\n\t\t\t\t<\/div>\n\t\t\t\t<\/div>\n\t\t\t\t\t<\/div>\n\t\t\t\t<\/div>\n\t\t<div class=\"elementor-element elementor-element-f618b97 e-flex e-con-boxed e-con e-parent\" data-id=\"f618b97\" data-element_type=\"container\" data-e-type=\"container\">\n\t\t\t\t\t<div class=\"e-con-inner\">\n\t\t<div class=\"elementor-element elementor-element-38d3a13 e-con-full e-flex e-con e-child\" data-id=\"38d3a13\" data-element_type=\"container\" data-e-type=\"container\">\n\t\t\t\t<div class=\"elementor-element elementor-element-04d9a0f elementor-position-left elementor-vertical-align-middle elementor-widget elementor-widget-image-box\" data-id=\"04d9a0f\" data-element_type=\"widget\" data-e-type=\"widget\" data-widget_type=\"image-box.default\">\n\t\t\t\t<div class=\"elementor-widget-container\">\n\t\t\t\t\t<div class=\"elementor-image-box-wrapper\"><figure class=\"elementor-image-box-img\"><img decoding=\"async\" width=\"200\" height=\"80\" src=\"https:\/\/komornik-inowroclaw.com.pl\/wp-content\/uploads\/2024\/01\/komornik_cepik-2.png\" class=\"attachment-full size-full wp-image-132\" alt=\"\" \/><\/figure><div class=\"elementor-image-box-content\"><p class=\"elementor-image-box-description\"><b>CEPiK<\/b> - jest to system obejmuj\u0105cy baz\u0119 danych zawieraj\u0105c\u0105 dane i informacje o pojazdach, ich w\u0142a\u015bcicielach. Za jego pomoc\u0105 komornik uzyskuje czy d\u0142u\u017cnik jest w\u0142a\u015bcicielem pojazdu mechanicznego. Zapytanie jest bezp\u0142atne.<\/p><\/div><\/div>\t\t\t\t<\/div>\n\t\t\t\t<\/div>\n\t\t\t\t<\/div>\n\t\t<div class=\"elementor-element elementor-element-0dcf053 e-con-full e-flex e-con e-child\" data-id=\"0dcf053\" data-element_type=\"container\" data-e-type=\"container\">\n\t\t\t\t<div class=\"elementor-element elementor-element-895d8db elementor-position-left elementor-vertical-align-middle elementor-widget elementor-widget-image-box\" data-id=\"895d8db\" data-element_type=\"widget\" data-e-type=\"widget\" data-widget_type=\"image-box.default\">\n\t\t\t\t<div class=\"elementor-widget-container\">\n\t\t\t\t\t<div class=\"elementor-image-box-wrapper\"><figure class=\"elementor-image-box-img\"><img loading=\"lazy\" decoding=\"async\" width=\"200\" height=\"80\" src=\"https:\/\/komornik-inowroclaw.com.pl\/wp-content\/uploads\/2024\/01\/komornik_ognivo-2.png\" class=\"attachment-full size-full wp-image-133\" alt=\"\" \/><\/figure><div class=\"elementor-image-box-content\"><p class=\"elementor-image-box-description\">\n<b>Ognivo<\/b> - za pomoc\u0105 tego systemu komornik ma mo\u017cliwo\u015b\u0107 ustalenia czy d\u0142u\u017cnik posiada rachunki bankowe I dokonania ich zaj\u0119cia. Lista bank\u00f3w na bie\u017c\u0105co si\u0119 powi\u0119ksza i jest systematycznie aktualizowana. Zapytania w tym systemie s\u0105 dla wierzyciela bezp\u0142atne.<\/p><\/div><\/div>\t\t\t\t<\/div>\n\t\t\t\t<\/div>\n\t\t\t\t<\/div>\n\t\t\t\t\t<\/div>\n\t\t\t\t<\/div>\n\t\t<div class=\"elementor-element elementor-element-81401cf e-flex e-con-boxed e-con e-parent\" data-id=\"81401cf\" data-element_type=\"container\" data-e-type=\"container\">\n\t\t\t\t\t<div class=\"e-con-inner\">\n\t\t<div class=\"elementor-element elementor-element-4c8c581 e-con-full e-flex e-con e-child\" data-id=\"4c8c581\" data-element_type=\"container\" data-e-type=\"container\">\n\t\t\t\t<div class=\"elementor-element elementor-element-a1d6896 elementor-position-left elementor-vertical-align-middle elementor-widget elementor-widget-image-box\" data-id=\"a1d6896\" data-element_type=\"widget\" data-e-type=\"widget\" data-widget_type=\"image-box.default\">\n\t\t\t\t<div class=\"elementor-widget-container\">\n\t\t\t\t\t<div class=\"elementor-image-box-wrapper\"><figure class=\"elementor-image-box-img\"><img loading=\"lazy\" decoding=\"async\" width=\"1863\" height=\"534\" src=\"https:\/\/komornik-inowroclaw.com.pl\/wp-content\/uploads\/2024\/01\/KomornikOnline-logo-2.png\" class=\"attachment-full size-full wp-image-134\" alt=\"\" srcset=\"https:\/\/komornik-inowroclaw.com.pl\/wp-content\/uploads\/2024\/01\/KomornikOnline-logo-2.png 1863w, https:\/\/komornik-inowroclaw.com.pl\/wp-content\/uploads\/2024\/01\/KomornikOnline-logo-2-300x86.png 300w, https:\/\/komornik-inowroclaw.com.pl\/wp-content\/uploads\/2024\/01\/KomornikOnline-logo-2-1024x294.png 1024w, https:\/\/komornik-inowroclaw.com.pl\/wp-content\/uploads\/2024\/01\/KomornikOnline-logo-2-768x220.png 768w, https:\/\/komornik-inowroclaw.com.pl\/wp-content\/uploads\/2024\/01\/KomornikOnline-logo-2-1536x440.png 1536w, https:\/\/komornik-inowroclaw.com.pl\/wp-content\/uploads\/2024\/01\/KomornikOnline-logo-2-1140x327.png 1140w\" sizes=\"(max-width: 1863px) 100vw, 1863px\" \/><\/figure><div class=\"elementor-image-box-content\"><p class=\"elementor-image-box-description\"><b>Komornik Online<\/b> serwis umo\u017cliwiaj\u0105cy komunikacj\u0119 kancelarii komorniczej z uczestnikami post\u0119powania egzekucyjnego. Korzysta\u0107 z niego mog\u0105 zar\u00f3wno pracownicy kancelarii, jak i d\u0142u\u017cnicy, wierzyciele, pe\u0142nomocnicy oraz kancelarie prawne, kt\u00f3rym kancelaria komornicza udost\u0119pni tak\u0105 mo\u017cliwo\u015b\u0107.<\/p><\/div><\/div>\t\t\t\t<\/div>\n\t\t\t\t<\/div>\n\t\t\t\t<\/div>\n\t\t<div class=\"elementor-element elementor-element-4dd25c6 e-con-full e-flex e-con e-child\" data-id=\"4dd25c6\" data-element_type=\"container\" data-e-type=\"container\">\n\t\t\t\t<div class=\"elementor-element elementor-element-fc86173 elementor-position-left elementor-vertical-align-middle elementor-widget elementor-widget-image-box\" data-id=\"fc86173\" data-element_type=\"widget\" data-e-type=\"widget\" data-widget_type=\"image-box.default\">\n\t\t\t\t<div class=\"elementor-widget-container\">\n\t\t\t\t\t<div class=\"elementor-image-box-wrapper\"><figure class=\"elementor-image-box-img\"><img loading=\"lazy\" decoding=\"async\" width=\"200\" height=\"80\" src=\"https:\/\/komornik-inowroclaw.com.pl\/wp-content\/uploads\/2024\/01\/komornik_ekw-2.png\" class=\"attachment-full size-full wp-image-135\" alt=\"\" \/><\/figure><div class=\"elementor-image-box-content\"><p class=\"elementor-image-box-description\"><b>Elektroniczna Baza Danych Ksi\u0105g Wieczystych<\/b> - powy\u017cszy system pozwala na podstawie danych d\u0142u\u017cnika ustali\u0107 nieruchomo\u015bci stanowi\u0105ce jego w\u0142asno\u015b\u0107, wsp\u00f3\u0142w\u0142asno\u015b\u0107 oraz b\u0119d\u0105ce w jego u\u017cytkowaniu wieczystym. Ponadto, system pozwala r\u00f3wnie\u017c z\u0142o\u017cy\u0107 wniosek o dokonanie wpisu o wszcz\u0119ciu egzekucji z nieruchomo\u015bci w formie elektronicznej.<\/p><\/div><\/div>\t\t\t\t<\/div>\n\t\t\t\t<\/div>\n\t\t\t\t<\/div>\n\t\t\t\t\t<\/div>\n\t\t\t\t<\/div>\n\t\t<div class=\"elementor-element elementor-element-49af6ee e-flex e-con-boxed e-con e-parent\" data-id=\"49af6ee\" data-element_type=\"container\" data-e-type=\"container\">\n\t\t\t\t\t<div class=\"e-con-inner\">\n\t\t<div class=\"elementor-element elementor-element-46f8854 e-con-full e-flex e-con e-child\" data-id=\"46f8854\" data-element_type=\"container\" data-e-type=\"container\">\n\t\t\t\t<div class=\"elementor-element elementor-element-9030159 elementor-position-left elementor-vertical-align-middle elementor-widget elementor-widget-image-box\" data-id=\"9030159\" data-element_type=\"widget\" data-e-type=\"widget\" data-widget_type=\"image-box.default\">\n\t\t\t\t<div class=\"elementor-widget-container\">\n\t\t\t\t\t<div class=\"elementor-image-box-wrapper\"><figure class=\"elementor-image-box-img\"><img loading=\"lazy\" decoding=\"async\" width=\"200\" height=\"80\" src=\"https:\/\/komornik-inowroclaw.com.pl\/wp-content\/uploads\/2024\/01\/komornik_esad-2.png\" class=\"attachment-full size-full wp-image-136\" alt=\"\" \/><\/figure><div class=\"elementor-image-box-content\"><p class=\"elementor-image-box-description\"><b>EPU (Elektroniczne Post\u0119powanie Upominawcze)<\/b> - nakaz zap\u0142aty wydany w elektronicznym post\u0119powaniu upominawczym wierzyciel mo\u017ce nast\u0119pnie skierowa\u0107 do egzekucji drog\u0105 elektroniczn\u0105.<\/p><\/div><\/div>\t\t\t\t<\/div>\n\t\t\t\t<\/div>\n\t\t\t\t<\/div>\n\t\t<div class=\"elementor-element elementor-element-a3ed1e4 e-con-full e-flex e-con e-child\" data-id=\"a3ed1e4\" data-element_type=\"container\" data-e-type=\"container\">\n\t\t\t\t<\/div>\n\t\t\t\t\t<\/div>\n\t\t\t\t<\/div>\n\t\t\t\t<\/div>\n\t\t","protected":false},"excerpt":{"rendered":"<p>Kancelaria zosta\u0142a utworzona przez komornika B\u0142a\u017ceja Sobczaka, celem realizowania ustawowych zada\u0144, do kt\u00f3rych w szczeg\u00f3lno\u015bci nale\u017cy wykonywanie: egzekucji \u015bwiadcze\u0144 pieni\u0119\u017cnych zabezpiecze\u0144 eksmisji wydania nieruchomo\u015bci wydania ruchomo\u015bci spis\u00f3w inwentarza Komornik jest uprawniony do pozyskiwania informacji min. od organ\u00f3w administracji publicznej, urz\u0119d\u00f3w skarbowych, rentowych, bank\u00f3w, organ\u00f3w sp\u00f3\u0142dzielni mieszkaniowych, niezb\u0119dnych do prawid\u0142owego prowadzenia post\u0119powania egzekucyjnego, wykonania postanowienia o udzieleniu zabezpieczenia oraz wykonania innych czynno\u015bci wchodz\u0105cych w zakres jego ustawowych zada\u0144, w szczeg\u00f3lno\u015bci dotycz\u0105cych stanu maj\u0105tkowego d\u0142u\u017cnika. Kancelaria Komornicza wykorzystuje do pracy szereg rozwi\u0105za\u0144 technicznych, kt\u00f3re pozwalaj\u0105 w znaczny spos\u00f3b skr\u00f3ci\u0107 czas potrzebny do skutecznego ustalenia maj\u0105tku d\u0142u\u017cnika. \u00a0 ePUAP &#8211; Elektroniczna Platforma Us\u0142ug Administracji Publicznej \u2013 Za pomoc\u0105 tego systemu komornik mo\u017ce przyspieszy\u0107 korespondencj\u0119 z urz\u0119dami gdy\u017c odbywa si\u0119 ona elektronicznie. PUE ZUS &#8211; zapytania do Zak\u0142adu Ubezpiecze\u0144 Spo\u0142ecznych w formie elektronicznej, za jego pomoc\u0105 komornik ustala miejsce zatrudnienia d\u0142u\u017cnika lub prowadzon\u0105 dzia\u0142alno\u015b\u0107 gospodarcz\u0105. CEPiK &#8211; jest to system obejmuj\u0105cy baz\u0119 danych zawieraj\u0105c\u0105 dane i informacje o pojazdach, ich w\u0142a\u015bcicielach. Za jego pomoc\u0105 komornik uzyskuje czy d\u0142u\u017cnik jest w\u0142a\u015bcicielem pojazdu mechanicznego. Zapytanie jest bezp\u0142atne. Ognivo &#8211; za pomoc\u0105 tego systemu komornik ma mo\u017cliwo\u015b\u0107 ustalenia czy d\u0142u\u017cnik posiada rachunki bankowe I dokonania ich zaj\u0119cia. Lista bank\u00f3w na bie\u017c\u0105co si\u0119 powi\u0119ksza i jest systematycznie aktualizowana. Zapytania w tym systemie s\u0105 dla wierzyciela bezp\u0142atne. Komornik Online serwis umo\u017cliwiaj\u0105cy komunikacj\u0119 kancelarii komorniczej z uczestnikami post\u0119powania egzekucyjnego. Korzysta\u0107 z niego mog\u0105 zar\u00f3wno pracownicy kancelarii, jak i d\u0142u\u017cnicy, wierzyciele, pe\u0142nomocnicy oraz kancelarie prawne, kt\u00f3rym kancelaria komornicza udost\u0119pni tak\u0105 mo\u017cliwo\u015b\u0107. Elektroniczna Baza Danych Ksi\u0105g Wieczystych &#8211; powy\u017cszy system pozwala na podstawie danych d\u0142u\u017cnika ustali\u0107 nieruchomo\u015bci stanowi\u0105ce jego w\u0142asno\u015b\u0107, wsp\u00f3\u0142w\u0142asno\u015b\u0107 oraz b\u0119d\u0105ce w jego u\u017cytkowaniu wieczystym. Ponadto, system pozwala r\u00f3wnie\u017c z\u0142o\u017cy\u0107 wniosek o dokonanie wpisu o wszcz\u0119ciu egzekucji z nieruchomo\u015bci w formie elektronicznej. EPU (Elektroniczne Post\u0119powanie Upominawcze) &#8211; nakaz zap\u0142aty wydany w elektronicznym post\u0119powaniu upominawczym wierzyciel mo\u017ce nast\u0119pnie skierowa\u0107 do egzekucji drog\u0105 elektroniczn\u0105.<\/p>\n","protected":false},"author":1,"featured_media":0,"parent":0,"menu_order":0,"comment_status":"closed","ping_status":"closed","template":"elementor_header_footer","meta":{"footnotes":""},"class_list":["post-115","page","type-page","status-publish","hentry"],"aioseo_notices":[],"_links":{"self":[{"href":"https:\/\/komornik-inowroclaw.com.pl\/index.php\/wp-json\/wp\/v2\/pages\/115","targetHints":{"allow":["GET"]}}],"collection":[{"href":"https:\/\/komornik-inowroclaw.com.pl\/index.php\/wp-json\/wp\/v2\/pages"}],"about":[{"href":"https:\/\/komornik-inowroclaw.com.pl\/index.php\/wp-json\/wp\/v2\/types\/page"}],"author":[{"embeddable":true,"href":"https:\/\/komornik-inowroclaw.com.pl\/index.php\/wp-json\/wp\/v2\/users\/1"}],"replies":[{"embeddable":true,"href":"https:\/\/komornik-inowroclaw.com.pl\/index.php\/wp-json\/wp\/v2\/comments?post=115"}],"version-history":[{"count":22,"href":"https:\/\/komornik-inowroclaw.com.pl\/index.php\/wp-json\/wp\/v2\/pages\/115\/revisions"}],"predecessor-version":[{"id":258,"href":"https:\/\/komornik-inowroclaw.com.pl\/index.php\/wp-json\/wp\/v2\/pages\/115\/revisions\/258"}],"wp:attachment":[{"href":"https:\/\/komornik-inowroclaw.com.pl\/index.php\/wp-json\/wp\/v2\/media?parent=115"}],"curies":[{"name":"wp","href":"https:\/\/api.w.org\/{rel}","templated":true}]}}